(w) = -2*w - 41. Let q be l(-23). Suppose -q*h + 0*h + 205 = 0. Calculate the remainder when h is divided by 22.
19
Let v = -119 - -178. Calculate the remainder when v is divided by 10.
9
Suppose 166*w - 113*w - 212 = 0. What is the remainder when 50 is divided by w?
2
Suppose 5*n - 30 - 49 = 3*b, -41 = -4*n - 5*b. What is the remainder when 46 is divided by n?
4
Suppose -2 = -4*j - 3*r + 1, -4*j + 5*r = 37. What is the remainder when 7/(-2)*(1*90)/j is divided by 36?
33
Suppose l - 3 = 2. Suppose 3*q - 21 = 3*w, -l*q + 2*q = -4*w - 23. Let t = 3 - 0. Calculate the remainder when q is divided by t.
2
Suppose -5 = 8*l - 7*l. Calculate the remainder when l/(-40) + 1533/24 is divided by 13.
12
Suppose 33 - 37 = 2*l. Calculate the remainder when (-8)/(-3)*l/(8/(-159)) is divided by 22.
18
Let a(w) = -w**3 - 8*w**2 + 17*w + 7. What is the remainder when 112 is divided by a(-10)?
1
Suppose -2*n + 36 = 7*n. Let b(f) = 33*f - 33. What is the remainder when b(n) is divided by 2 - (-8*2 + -2)?
19
Let o(u) = 6*u + 1. Suppose -6*a + 2*a + 32 = 0. Calculate the remainder when o(a) is divided by 13.
10
Suppose 0 = 5*u - 5*s - 160, 9*u = 14*u + 2*s - 174. Let b(c) = c - 7 + 11 - c**2 + 8. What is the remainder when u is divided by b(0)?
10
Let z = -664 - -782. What is the remainder when z is divided by 24?
22
Let m = 13 - 9. Suppose -2*a - 8 = m*g, -2*g - 4 = -2*a + 4*a. Suppose a*u = 5*i + 2*u - 150, -i - 3*u = -43. What is the remainder when 54 is divided by i?
26
Let z(g) = -5*g - 52. Calculate the remainder when 265 is divided by z(-25).
46
Suppose -108 = -4*n - 8*n. What is the remainder when n is divided by 6?
3
Let a = 2814 - 2813. Let g(f) = -f**2 - 5*f - 3. Calculate the remainder when g(-3) is divided by a.
0
Let m = 1067 + -1032. What is the remainder when m is divided by 11?
2
Suppose -106 = -t - t - 4*q, -t = -3*q - 73. What is the remainder when t is divided by 21?
19
Let t be (3/((-3)/(-26)))/2. Suppose t*k + 35 = 14*k. Calculate the remainder when k is divided by 4.
3
Let c(v) = -87*v**3 + v**2 + 4*v + 5. Calculate the remainder when c(-1) is divided by 23.
20
Suppose 0 = -5*t - y + 872, 29*y - 24*y = 3*t - 540. Calculate the remainder when t is divided by 4.
3
Let w = 668 + -660. What is the remainder when 21 is divided by w?
5
Let k be (-96)/168 + (-3036)/(-21). Let g be ((-117)/2)/(6/8). Let n = g + k. Calculate the remainder when n is divided by 17.
15
Let h(c) = -c**2 - 10*c + 12. Calculate the remainder when 194 is divided by h(-8).
26
Let p(b) be the third derivative of b**6/120 + b**5/12 + b**4/24 - b**3/6 + 2*b**2. Let x be p(-5). Calculate the remainder when 3/(x/2) - -16 is divided by 6.
3
Let c(a) = 13*a - 11. Let g be c(2). Calculate the remainder when ((-6)/g*(-205)/2)/1 is divided by 7.
6
Suppose -t = t - 26. Suppose 44 = -f + 4*s, 0*f - 3*f - 3*s = 177. Let r = -6 - f. Calculate the remainder when r is divided by t.
11
Let l(i) = i**3 - 15*i**2 - 14*i - 19. Let n be l(16). Suppose -6*g + n = -17. What is the remainder when g is divided by 4?
1
Let d(v) = 28*v - 70. What is the remainder when d(6) is divided by 48?
2
Suppose 108 = 79*b - 70*b. What is the remainder when 47 is divided by b?
11
What is the remainder when 222 + 2 + 9 + -6 is divided by 57?
56
Let v = 21 + 132. Let u be (68/6)/((-2)/12). Let j = u + v. What is the remainder when j is divided by 22?
19
Suppose 45*l = 570 + 240. What is the remainder when -3 + 3 + 10*5 is divided by l?
14
Let r(o) = 1916*o + 156. Calculate the remainder when r(2) is divided by 133.
131
What is the remainder when 120 is divided by (-1)/(4/3 + (-453)/333)?
9
Let v(n) = 2*n + 11. Let x = 1 + 1. Let t be -2 + 4 - -3*x. What is the remainder when v(t) is divided by 7?
6
Let i = 52 - 48. Suppose 0 = 4*k - i, 5*u + 5*k - 17 = 4*u. Calculate the remainder when 33 is divided by u.
9
Calculate the remainder when 32/144*-9 + 0 + 64 is divided by 13.
10
Let y(a) be the first derivative of -a**4/2 - 2*a**3/3 + 3*a**2/2 + 2*a - 32. Calculate the remainder when 202 is divided by y(-3).
28
Let z(s) = s**2 - 6. Let i be z(-4). Let c = 39 - -92. What is the remainder when c is divided by ((-21)/(-15) + (-4)/i)*33?
32
What is the remainder when 2 is divided by 11/4 - 48/64?
0
Let c(o) = 5*o**2 + 3*o - 1. Suppose -3*r = -0 - 6. Let z be 5/2 - r/4. What is the remainder when 48 is divided by c(z)?
23
Suppose -4*q + 140 = -3*r, 112 = 5*q - r - 63. What is the remainder when 101 is divided by q?
31
Let x(t) = -2*t - 35. Calculate the remainder when 310/18 - (-2)/(-9) is divided by x(-20).
2
Let y = 55 - 55. Suppose -4*q + 4*g = -0*q - 48, -q + 5*g + 20 = y. What is the remainder when 25 is divided by q?
5
Let p(c) = 145*c**2 - 45*c - 3. What is the remainder when p(-2) is divided by 5?
2
Let r(x) = -x**3 + 23*x**2 - x + 17. Let o be r(23). Calculate the remainder when ((-16)/o)/(26/507) is divided by 11.
8
Suppose 3*d + 5 = -4*p + 2*p, 5*p + d - 20 = 0. Suppose -l + 71 = x + 3*x, -p*l + 298 = x. Calculate the remainder when l is divided by -8*-2*(-9)/(-12).
11
Suppose 5*q - 213 = 192. Suppose 0 = 5*g - 19 - q. What is the remainder when 50 is divided by g?
10
Let i(k) = -12*k**3. Suppose -2*z + z = 1. Let x be i(z). What is the remainder when (-39)/x*12/(-1) is divided by 7?
4
Suppose 2*q - 20 = -5*f + 3*q, 3*f - 4 = -q. Let u(h) = -h**2 + 2*h + 7. Let m(s) = -2*s**2 + 7*s - 1. Calculate the remainder when u(f) is divided by m(3).
0
Let f be (-11)/11*(-3)/1. Suppose f*k - 69 + 18 = 0. What is the remainder when 31 is divided by k?
14
Suppose 0 = -12*u + 18*u - 264. What is the remainder when u is divided by 24?
20
Let s(h) = -2*h + 17. Let q be s(7). Let z = q + 52. What is the remainder when z is divided by 8?
7
Let z = 2 - 5. Let t(w) = 2*w**2 - 10*w - 1. Calculate the remainder when t(8) is divided by (-12)/(-1) - (z + 3).
11
Suppose 2 = 4*o - 22. Let l = o - -15. Calculate the remainder when (-60)/((2 - 3)/1) is divided by l.
18
Suppose -32 = -3*q + 13. Suppose -q*b + 10*b = -235. Suppose 0 = -2*h - 0*m + 4*m + 24, -48 = -4*h - m. Calculate the remainder when b is divided by h.
11
Suppose -21*r - 168 = -672. What is the remainder when 223 is divided by r?
7
Let b(w) = 5*w**2 - 6*w - 6. Let g be b(-1). Suppose -3*y - 4*f = f - 31, g*y - f = 5. What is the remainder when 11 is divided by y?
1
Let d(j) = 29*j**2 + 1. Let r be d(-1). Let h = 115 + r. Suppose -4*t - t + h = 0. What is the remainder when t is divided by 10?
9
Let w(x) = x**3 + 17*x**2 - 20*x + 43. Calculate the remainder when w(-18) is divided by (16*(-2 - -1))/(-1).
15
Suppose 29*x - 26*x + 2*g - 98 = 0, x - 4*g = 14. What is the remainder when 200 is divided by x?
20
Let p(h) = h**3 + 5*h**2 - 3*h - 11. Let m be p(-5). Calculate the remainder when 50 is divided by ((-6)/(-10))/((16/m)/180).
23
Let m be 1008/80 - 2/(-5). Suppose -m*h - 57 = -14*h. What is the remainder when h is divided by 29?
28
Let a = -8 - -8. Calculate the remainder when (0 - a) + 1/((-3)/(-336)) is divided by 19.
17
Let h be (-2)/(-3) - 19/(-3). Let r = 446 + -433. Let c = h + r. What is the remainder when 78 is divided by c?
18
Suppose o = 2627 - 2602. Calculate the remainder when 69 is divided by o.
19
Suppose 9*g + 303 = 10*g + 4*t, -5*g = 4*t - 1531. Calculate the remainder when g is divided by 80.
67
Let f = 30 - -171. What is the remainder when f/(-3*(-1)/12*4) is divided by 34?
31
Let n = -70 + 73. Suppose 0 = -5*p - 20, -n*o + 15 = -4*p - 97. Calculate the remainder when 62 is divided by o.
30
Let j(s) = 3*s**3 + s**2. Suppose 2*q - 2 = 3*u, q - u = -2*q + 3. What is the remainder when j(q) is divided by 2?
0
Let p = 1310 + -1297. What is the remainder when 241 is divided by p?
7
Let x(m) = -2 - 3*m**2 + 0*m**2 + 5*m**2 + 2*m - 9*m. Calculate the remainder when 37 is divided by x(5).
11
Let a(m) be the third derivative of m**5/12 + m**4/4 - 5*m**3/3 + m**2. What is the remainder when a(4) is divided by 19?
18
Let a = -328 + 220. Let h = -95 - a. Suppose 5*m + y - 3*y = 40, m + 4*y - 8 = 0. What is the remainder when h is divided by m?
5
Calculate the remainder when (-56025)/(-400) - 5/80 is divided by 29.
24
Suppose 568 = -8*t + 1752. Let a = -139 + t. What is the remainder when 49 is divided by a?
4
Suppose 5*o + u - 61 = 0, -2*u = -u - 1. Suppose -3*k = 